 of 143854656 and 880?
176
Calculate the highest common divisor of 7482 and 106430.
58
Calculate the highest common factor of 3328 and 1739660.
52
Calculate the greatest common factor of 115 and 29017030.
115
What is the highest common divisor of 45 and 58134205?
5
What is the greatest common divisor of 6029734 and 127986?
514
What is the greatest common factor of 68 and 486490156?
68
What is the greatest common factor of 5911818 and 1588004?
4114
What is the highest common factor of 231332 and 197628?
1532
Calculate the highest common divisor of 572375 and 78755.
95
Calculate the greatest common factor of 3856 and 139296.
16
What is the highest common divisor of 37214008 and 24?
8
What is the highest common factor of 1014844 and 16748?
212
What is the greatest common factor of 22 and 14716658?
22
What is the highest common divisor of 10302 and 694?
2
What is the highest common factor of 138301 and 33821748?
4769
Calculate the highest common divisor of 644400 and 320.
80
What is the highest common divisor of 18330 and 46875?
15
What is the highest common factor of 3949940 and 2050?
410
Calculate the highest common divisor of 2092797 and 4536.
567
What is the highest common divisor of 14835 and 25499?
43
Calculate the highest common divisor of 188864 and 63232.
832
Calculate the highest common factor of 4635 and 13005.
45
Calculate the greatest common factor of 25631 and 3886469.
1349
What is the greatest common factor of 124617452 and 1262?
1262
Calculate the greatest common divisor of 8979738 and 34773.
519
What is the greatest common divisor of 62385851 and 33803?
4829
What is the greatest common divisor of 1077 and 1385038873?
359
Calculate the greatest common divisor of 146772 and 1238049.
1359
What is the highest common factor of 922157 and 2077?
31
What is the highest common factor of 752 and 18478144?
752
Calculate the greatest common divisor of 672 and 36730848.
672
Calculate the greatest common divisor of 1683917 and 489185.
431
Calculate the highest common factor of 3034 and 1748486.
82
Calculate the highest common factor of 145900 and 204900.
100
Calculate the highest common factor of 313 and 40574.
1
What is the greatest common factor of 383956144 and 208?
208
What is the highest common divisor of 285 and 32861811?
57
What is the greatest common divisor of 65410 and 37270?
10
What is the highest common factor of 101765 and 205?
5
Calculate the highest common divisor of 990 and 349960.
10
Calculate the highest common divisor of 10388 and 1994708.
212
Calculate the greatest common divisor of 6189789 and 9.
3
What is the highest common factor of 108 and 12378204?
108
Calculate the greatest common divisor of 1962 and 3231540.
18
Calculate the greatest common factor of 40590130 and 490.
490
Calculate the greatest common divisor of 36464 and 72584.
344
What is the highest common divisor of 1080 and 11401245?
45
What is the highest common factor of 94318 and 674198?
14
Calculate the greatest common divisor of 2493531 and 351.
27
What is the highest common factor of 41025 and 10245?
15
What is the highest common divisor of 9653 and 233051?
1379
Calculate the greatest common factor of 101811260 and 65.
5
Calculate the highest common divisor of 11919 and 8038749.
411
What is the greatest common divisor of 206 and 2675313554?
206
Calculate the highest common factor of 5745 and 14505.
15
What is the highest common divisor of 59827089 and 1097?
1097
Calculate the greatest common divisor of 112 and 571088.
112
What is the highest common factor of 210 and 71433474?
42
What is the highest common divisor of 11660955 and 645?
645
What is the highest common divisor of 64684 and 11754904?
628
Calculate the highest common divisor of 569279 and 27557.
17
What is the highest common divisor of 5105786 and 7?
7
What is the greatest common factor of 2276 and 227018482?
1138
What is the greatest common divisor of 6 and 164116674?
6
What is the highest common divisor of 36 and 640144968?
12
What is the greatest common divisor of 2774452 and 12256?
1532
Calculate the highest common factor of 25 and 42266125.
25
Calculate the greatest common divisor of 257278 and 7774.
46
Calculate the highest common factor of 3112107 and 4293.
159
What is the highest common divisor of 840014 and 1603?
7
What is the greatest common factor of 18 and 316587105?
9
What is the highest common factor of 57360170 and 10?
10
What is the highest common divisor of 1907239 and 629?
37
What is the highest common divisor of 5602 and 93?
1
What is the greatest common divisor of 403 and 13956696?
403
Calculate the highest common factor of 10718 and 3016588.
46
What is the greatest common factor of 157500 and 3183900?
300
What is the highest common factor of 1827 and 59127984?
261
Calculate the greatest common factor of 27 and 38220759.
9
What is the highest common divisor of 683264775 and 75?
75
What is the greatest common divisor of 52093 and 223175?
113
What is the greatest common factor of 6213038 and 52858?
494
Calculate the highest common factor of 882916 and 10403.
103
What is the highest common divisor of 27176 and 8884024?
632
Calculate the highest common factor of 12758 and 158.
2
Calculate the greatest common factor of 6668877 and 564.
141
Calculate the highest common factor of 884 and 1916988.
68
What is the highest common divisor of 2828 and 340032?
28
Calculate the highest common factor of 10512 and 3155717.
73
Calculate the greatest common divisor of 31 and 50992.
1
Calculate the greatest common divisor of 132430 and 312970.
170
Calculate the greatest common divisor of 708328 and 34.
2
Calculate the greatest common factor of 17755 and 3786170.
335
Calculate the greatest common divisor of 368928 and 53984.
224
What is the highest common divisor of 20559 and 383501712?
2937
What is the highest common factor of 1566000 and 26446608?
12528
Calculate the highest common divisor of 148 and 19185388.
148
Calculate the greatest common divisor of 15960 and 48517.
7
What is the highest common divisor of 226022 and 2?
2
What is the greatest common factor of 13466620 and 32780?
2980
Calculate the highest common factor of 2365388 and 78323.
167
What is the greatest common divisor of 317856 and 12738?
66
Calculate the greatest common factor of 196 and 34989038.
98
What is the greatest common factor of 275 and 117792525?
25
Calculate the greatest common factor of 733 and 188064344.
733
Calculate the highest common factor of 23220 and 338840.
860
Calculate the greatest common divisor of 488 and 97845830.
122
What is the highest common factor of 388092 and 21?
3
Calculate the greatest common divisor of 142109 and 311784.
11
Calculate the highest common divisor of 16 and 127759024.
16
Calculate the greatest common factor of 63 and 5115971.
7
What is the highest common divisor of 474025 and 21425?
25
What is the greatest common divisor of 33720 and 490626?
1686
What is the greatest common factor of 541499054 and 82?
82
Calculate the greatest common divisor of 84 and 25875122.
14
What is the highest common factor of 12 and 26759820?
12
Calculate the highest common factor of 147 and 242646411.
21
Calculate the highest common factor of 18 and 514086822.
18
What is the greatest common factor of 4530802 and 56414?
842
What is the greatest common factor of 5544091 and 245?
7
Calculate the highest common factor of 98 and 8939889.
7
Calculate the highest common factor of 44700 and 424200.
300
What is the highest common divisor of 228453 and 1324353?
843
What is the highest common factor of 4193 and 2303155?
599
Calculate the greatest common factor of 110 and 2854579145.
55
What is the highest common divisor of 8436 and 5943048?
228
Calculate the greatest common factor of 110397 and 39249.
147
What is the greatest common divisor of 5926696 and 105714?
1678
Calculate the greatest common divisor of 35583399 and 22401.
1179
Calculate the highest common divisor of 36 and 9481464.
36
Calculate the highest common factor of 11128410 and 42930.
4770
Calculate the greatest common divisor of 135050 and 180.
10
What is the highest common divisor of 41135 and 16728955?
2165
Calculate the greatest common factor of 525863 and 1919.
19
Calculate the highest common divisor of 250717 and 83368.
613
Calculate the highes